
What are the prime factors of 1324227272?
2, 165528409
List the prime factors of 4787837977.
13, 368295229
List the prime factors of 34978858.
2, 59, 251, 1181
What are the prime factors of 3337268941?
3337268941
What are the prime factors of 6975297898?
2, 19, 73, 2514527
What are the prime factors of 21402117?
3, 11, 6551
List the prime factors of 32752152.
2, 3, 454891
What are the prime factors of 179245360?
2, 5, 7, 320081
What are the prime factors of 332098078?
2, 13, 12773003
What are the prime factors of 437900610?
2, 3, 5, 7, 67, 31123
List the prime factors of 472779590.
2, 5, 173, 273283
List the prime factors of 215709495.
3, 5, 14380633
List the prime factors of 1801857216.
2, 3, 1277, 7349
What are the prime factors of 97478943?
3, 32492981
List the prime factors of 4868406087.
3, 23081, 70309
What are the prime factors of 225090166?
2, 7, 17, 37, 25561
List the prime factors of 478080206.
2, 239040103
List the prime factors of 5253404767.
13, 191, 2115749
What are the prime factors of 4368751288?
2, 11, 59, 349, 2411
What are the prime factors of 155814761?
1367, 113983
What are the prime factors of 298874100?
2, 3, 5, 7, 31, 4591
List the prime factors of 74381279.
7, 1459, 7283
List the prime factors of 4536113212.
2, 101, 139, 80777
List the prime factors of 585051320.
2, 5, 7, 1289, 1621
List the prime factors of 42468334.
2, 73, 290879
List the prime factors of 56518700.
2, 5, 7, 263, 307
List the prime factors of 19157839.
19157839
What are the prime factors of 111090621?
3, 23, 1610009
What are the prime factors of 116109070?
2, 5, 7, 11, 150791
List the prime factors of 169199132.
2, 23, 1839121
List the prime factors of 102845426.
2, 29, 197, 9001
What are the prime factors of 61256153?
7, 23, 337, 1129
What are the prime factors of 994832305?
5, 19, 43, 243533
What are the prime factors of 1490041801?
1490041801
What are the prime factors of 23855477?
23855477
List the prime factors of 5735757309.
3, 18401, 103903
List the prime factors of 205648254.
2, 3, 7, 131, 4153
What are the prime factors of 8863711?
71, 127, 983
List the prime factors of 3706529265.
3, 5, 43, 1283, 1493
List the prime factors of 1093173950.
2, 5, 11, 17, 43, 2719
List the prime factors of 91310511.
3, 30436837
List the prime factors of 67865371.
7, 97, 127, 787
What are the prime factors of 257371560?
2, 3, 5, 238307
List the prime factors of 53818901.
47, 593, 1931
What are the prime factors of 408047704?
2, 241, 211643
What are the prime factors of 5378453639?
13, 413727203
List the prime factors of 3815609910.
2, 3, 5, 7, 2595653
List the prime factors of 5857105159.
4217, 1388927
List the prime factors of 207715950.
2, 3, 5, 13, 35507
What are the prime factors of 42688461?
3, 14229487
What are the prime factors of 863769700?
2, 5, 8637697
What are the prime factors of 1192515586?
2, 41, 79, 184087
What are the prime factors of 39578725?
5, 1583149
List the prime factors of 20230398.
2, 3, 47, 2657
List the prime factors of 2964601414.
2, 103, 14391269
What are the prime factors of 352925982?
2, 3, 643, 30493
What are the prime factors of 329924373?
3, 1063, 103457
What are the prime factors of 628856651?
307, 1259, 1627
List the prime factors of 67502275.
5, 2700091
List the prime factors of 50638996.
2, 31, 408379
List the prime factors of 36448626.
2, 3, 37, 164183
What are the prime factors of 8376884?
2, 2094221
What are the prime factors of 770096885?
5, 19, 29, 31, 71, 127
List the prime factors of 30281049.
3, 3364561
What are the prime factors of 22650356?
2, 19, 298031
What are the prime factors of 2687612?
2, 671903
List the prime factors of 1888470088.
2, 236058761
What are the prime factors of 297785048?
2, 11, 23, 167, 881
List the prime factors of 24798834.
2, 3, 1377713
What are the prime factors of 1631577966?
2, 3, 9967, 27283
What are the prime factors of 92474601?
3, 30824867
What are the prime factors of 23305870?
2, 5, 7, 47563
List the prime factors of 38386238.
2, 11, 17, 197, 521
List the prime factors of 4914046526.
2, 67, 101, 283, 1283
What are the prime factors of 852224337?
3, 7559, 12527
List the prime factors of 37836201.
3, 13, 19, 51061
What are the prime factors of 96585123?
3, 67, 139, 3457
List the prime factors of 52611708.
2, 3, 83, 101, 523
List the prime factors of 1417459877.
1417459877
What are the prime factors of 24875090?
2, 5, 67, 137, 271
What are the prime factors of 154941704?
2, 47, 151, 2729
List the prime factors of 6630082.
2, 3315041
What are the prime factors of 480767808?
2, 3, 2503999
List the prime factors of 240905887.
23, 311, 33679
What are the prime factors of 46624671?
3, 401, 12919
What are the prime factors of 730928191?
7, 1451, 71963
List the prime factors of 793744096.
2, 24804503
List the prime factors of 83033574.
2, 3, 13, 1064533
List the prime factors of 247058867.
11, 22459897
What are the prime factors of 1778276205?
3, 5, 1879, 21031
List the prime factors of 5596315260.
2, 3, 5, 93271921
What are the prime factors of 191545240?
2, 5, 4788631
What are the prime factors of 1346106061?
2267, 593783
What are the prime factors of 332558904?
2, 3, 43, 322247
What are the prime factors of 104312592?
2, 3, 724393
What are the prime factors of 52395837?
3, 13, 29, 46327
What are the prime factors of 1777224523?
17, 1321, 79139
List the prime factors of 1015099683.
3, 13, 233, 661
List the prime factors of 64297493.
13, 4945961
List the prime factors of 956177158.
2, 127, 3764477
List the prime factors of 273916470.
2, 3, 5, 47, 194267
List the prime factors of 426814760.
2, 5, 179, 59611
List the prime factors of 94482341.
79, 1195979
What are the prime factors of 5012408619?
3, 239, 359, 6491
List the prime factors of 97734021.
3, 7, 11, 423091
What are the prime factors of 229837268?
2, 149, 271, 1423
List the prime factors of 96189485.
5, 7, 17, 41, 3943
What are the prime factors of 1389442965?
3, 5, 53, 1747727
What are the prime factors of 307193035?
5, 53, 131, 8849
List the prime factors of 526703497.
9901, 53197
List the prime factors of 3602517266.
2, 239, 7536647
What are the prime factors of 388192193?
53, 7324381
List the prime factors of 1301919.
3, 37, 317
List the prime factors of 4075872719.
4075872719
List the prime factors of 3514144543.
7, 13, 38616973
What are the prime factors of 3452034680?
2, 5, 191, 451837
What are the prime factors of 479608540?
2, 5, 73, 89, 3691
What are the prime factors of 975026276?
2, 7, 34822367
List the prime factors of 623517514.
2, 311758757
What are the prime factors of 2583422569?
7, 13, 28389259
What are the prime factors of 63477700?
2, 5, 11, 13, 23, 193
List the prime factors of 2469599823.
3, 61, 13495081
What are the prime factors of 3895253221?
3895253221
List the prime factors of 3372885631.
18899, 178469
List the prime factors of 419158670.
2, 5, 7, 23, 139, 1873
List the prime factors of 971703670.
2, 5, 7, 127, 109303
What are the prime factors of 1522021123?
7, 29, 7497641
List the prime factors of 1819500576.
2, 3, 18953131
List the prime factors of 1372553057.
1372553057
List the prime factors of 368157287.
17, 21656311
What are the prime factors of 752941737?
3, 829, 11213
What are the prime factors of 382107042?
2, 3, 79, 379, 709
What are the prime factors of 136990657?
136990657
List the prime factors of 199853407.
13, 53, 431, 673
What are the prime factors of 384313986?
2, 3, 7, 79, 38609
List the prime factors of 4932642053.
79, 401, 155707
What are the prime factors of 2929585641?
3, 373, 2618039
List the prime factors of 261151366.
2, 7, 83, 224743
What are the prime factors of 83985133?
739, 113647
List the prime factors of 533798478.
2, 3, 9885157
What are the prime factors of 130303538?
2, 17, 653, 5869
What are the prime factors of 7572474524?
2, 1893118631
What are the prime factors of 1010676889?
22453, 45013
List the prime factors of 622844913.
3, 6143, 33797
What are the prime factors of 5269841077?
1427, 3692951
What are the prime factors of 1513696076?
2, 257, 1472467
What are the prime factors of 20551465?
5, 11, 37, 10099
List the prime factors of 80924503.
11, 1123, 6551
What are the prime factors of 276889662?
2, 3, 7, 2197537
List the prime factors of 412217021.
103, 659, 60